(1)?
6
Suppose -31 = -2*b + 3*j + 92, -5*b = -4*j - 304. Let a(s) = -6*s - 9. What is the remainder when b is divided by a(-5)?
18
Suppose -5*c = -2*b + 98, b - 2*c = -20 + 68. Calculate the remainder when b is divided by 23.
21
Let r be (4/3)/((-6)/(-171)). Suppose 0 = -2*s + 5*s + o - r, 2*s = 4*o + 16. What is the remainder when s is divided by 7?
5
Suppose 65 = -6*u + 11*u. Let s = u + -5. Calculate the remainder when 20 is divided by s.
4
Let a = -19 + 25. Suppose 10 = a*d - d. Calculate the remainder when 2 is divided by d.
0
Suppose 7*k - 4*k = 30. Let r = 4 - k. Calculate the remainder when 2/(-4) + (-165)/r is divided by 10.
7
Let t be 1*((3 - 2) + -3). What is the remainder when (t/(-4))/((-2)/(-124)) is divided by 11?
9
Let u(j) = j - 2. Let b be u(3). Let p(q) = 2*q + 3 + 6*q - 4 + 4*q. What is the remainder when p(b) is divided by 6?
5
Suppose -22 = 2*a - 178. Calculate the remainder when a is divided by 21.
15
Let z = 0 + -2. What is the remainder when ((-1)/(-1))/(z/(-50)) is divided by (6/4)/(1/6)?
7
Suppose d = 3*d + 3*t - 10, 4*d + 5*t = 18. Let n = -3 - d. Let k(v) = -8*v - 5. Calculate the remainder when k(n) is divided by 18.
17
Suppose -v = v - 24. Let u = -36 + 102. Suppose 2*o + 0*l + l - u = 0, 12 = -3*l. Calculate the remainder when o is divided by v.
11
Suppose 2*p + 3*s - 2*s - 85 = 0, 4*p - 5*s - 135 = 0. What is the remainder when 119 is divided by p?
39
Suppose -2*j = -w - 17, 3*j - 5*w + 0*w = 22. Calculate the remainder when 26 is divided by j.
8
Suppose 64 = -k + 5*k. Suppose 2*d - 23 = -5*g, 4*g - k = -5*d + 4*d. Let f = 7 + -5. What is the remainder when g is divided by f?
1
Let s = 6 + 52. Calculate the remainder when s is divided by (-248)/(-16) - 2/4.
13
Let d be (-2)/(-2 - (-6)/4). Let q(w) = w**2 - 2*w + 5. Suppose -3*s = 3*u - 2*s - 26, -10 = -5*s. What is the remainder when q(d) is divided by u?
5
Calculate the remainder when (8/6 + 2)/(2/39) is divided by 18.
11
Let n(j) = j**3 + 5*j**2 - 8*j - 6. Let x(s) = s - 2. Let r be x(-3). Calculate the remainder when n(r) is divided by 12.
10
Suppose -4*c = -107 + 31. What is the remainder when c is divided by 11?
8
Suppose -20 = -d - 4*o, 4*d = -d - 2*o + 64. Calculate the remainder when 81 is divided by d.
9
Suppose -3*a + 2*r = -29, 0 = -4*a + 2*r - r + 32. Suppose a = -3*p - 5. Calculate the remainder when 20 is divided by 23/2 - (-2)/p.
9
Let r = 11 - 14. Let g(k) = -4*k + 1. What is the remainder when 24 is divided by g(r)?
11
Let b(l) = l**3 - l**2 - l + 2. Let m be b(0). Suppose m*q = -6*v + v + 14, -5*v - 14 = -2*q. Suppose 5*h - 9 = 6. What is the remainder when q is divided by h?
1
Let u(t) = -t**3 - t**2 + t - 2. Let y(r) = 23*r**2 + 1. What is the remainder when y(-1) is divided by u(-3)?
11
Let t(g) = -g + 12. What is the remainder when 58 is divided by t(2)?
8
Suppose 0 = 7*b - 94 - 151. Calculate the remainder when b is divided by (1 - 39)*(-2)/4.
16
Suppose -11*b + 7*b + 128 = 0. Calculate the remainder when b is divided by 17.
15
Suppose 48 = 20*c - 18*c. Calculate the remainder when c is divided by 9.
6
Suppose -10 = -3*i - 1. Suppose i*v - 32 = -v. What is the remainder when v is divided by 5?
3
Let r(g) be the first derivative of 2*g**3/3 + g**2 + 5*g + 2. Calculate the remainder when r(4) is divided by 12.
9
Suppose 3*c - 31 = 23. Suppose 5*l - 30 = 2*l. Calculate the remainder when c is divided by l.
8
Let a(u) = 17*u - 4. Calculate the remainder when (1 - (0 - -2)) + 39 is divided by a(1).
12
Suppose -2*g - 2*q + 0 + 2 = 0, 3*g + 4*q = 4. Suppose g = -3*a - 0*a + 21. Suppose w - 5*w = -52. Calculate the remainder when w is divided by a.
6
Suppose g - 15 = 4*a + 7, -25 = -5*g + 3*a. Suppose g*c + c - 124 = -2*y, -62 = -y - 5*c. What is the remainder when y is divided by 21?
20
Let w = -5 - -3. Let y be -2 + (1 - (w + -9)). Suppose -30 = -4*t + y. What is the remainder when 29 is divided by t?
9
Let z = 99 + -64. Calculate the remainder when 136 is divided by z.
31
Calculate the remainder when (50/(1 + 0))/1 is divided by 17.
16
Let m be (-4)/(3/(-1 + -2)). Suppose s - m*s = -2*g - 26, -5*g + 1 = -2*s. What is the remainder when 35 is divided by s?
11
Let z(s) = s**3 - 3*s**2 - 2*s - 2. Let i be 2/(-10) + (-21)/(-5). Suppose 5*n - 4 = 3*n. What is the remainder when z(i) is divided by n?
0
Suppose 0*a - 135 = -5*a. What is the remainder when 78 is divided by a?
24
Suppose -6 = -4*a + 2*a. Suppose a*d = -d + 88. Let x = -138 + 146. What is the remainder when d is divided by x?
6
Let p be 3/((3/(-4))/(-1)). Let b(i) = -p*i + 6*i + 3*i**2 - 3*i - 4. What is the remainder when b(3) is divided by 11?
9
Suppose -40 = -10*l + 5*l. What is the remainder when l is divided by 4?
0
Suppose -5 = -2*k + 1. Suppose 8 = k*v - v. Calculate the remainder when 11 is divided by v.
3
What is the remainder when 12 is divided by -7 + 3 + 7 - -2*1?
2
Suppose 4*f + 2*y = -3*y - 18, -39 = 5*f - 2*y. Calculate the remainder when 27 is divided by (-99)/f + 4/(-28).
13
Let c(r) = 4*r - 1. Let a = 3 + 1. Calculate the remainder when c(a) is divided by 4.
3
Suppose 40 = 3*w + 13. Suppose 3*y + w = 57. Calculate the remainder when 29 is divided by y.
13
Let h(n) = -4*n. Let v(o) = -2*o - 18. Let p be v(-8). What is the remainder when 2/(-8) + (-93)/(-4) is divided by h(p)?
7
What is the remainder when (26/8)/((57/(-60))/(-19)) is divided by 11?
10
Suppose -5*o = 15, -2*k = 5*o + 37 + 192. Let r = 184 + k. Calculate the remainder when r is divided by 26.
25
Let v = -20 + 89. Suppose 9*p - 12*p = -v. What is the remainder when 90 is divided by p?
21
Let w(u) = 3*u**2 + 1. Let s = -15 + 9. Let z(o) = -o**2 - 6*o + 6. What is the remainder when z(s) is divided by w(1)?
2
Suppose 2*q - 23 = -3*x, q + 0 = -5*x + 1. Let p = q - 2. Let s = p + -7. Calculate the remainder when s is divided by 4.
3
Let v = -2 + 2. Suppose v*q - 172 = -2*q. Suppose 3*i + q = 5*m + 6*i, -2*m + 42 = 5*i. What is the remainder when m is divided by 9?
7
Let q(c) = c + 2. Let g(y) = y**3 - 3*y**2 - 3*y - 4. Let o be g(4). Suppose 0 = 3*h - 2 - 4. What is the remainder when q(o) is divided by h?
0
Let g be 12/(-54) - (-25)/(-9). Let u(l) = -l**3 + l + 2. What is the remainder when 76 is divided by u(g)?
24
Let y be (-3 + 18/3)*5. Calculate the remainder when (6 - 7)/((-1)/y) is divided by 4.
3
Let n(q) = 2*q**3 - q**2 - 4*q - 9. What is the remainder when 117 is divided by n(3)?
21
Suppose 5*s = -3*l + 439, 4*s - 3*l - 271 = 91. Let u = s + -44. What is the remainder when u is divided by 23?
22
Let f = -152 - -178. What is the remainder when f is divided by 7?
5
Suppose -5*f + 22 = -0*b - b, 4*f = b + 18. Let l be f + -2 + (-8)/4. Suppose l + 20 = 2*c. Calculate the remainder when c is divided by 6.
4
Suppose -g = -5*v + 120, 0 = 2*v - 3*g + 4 - 39. Calculate the remainder when v is divided by (-1 - -9) + -2 - -1.
4
Suppose 0*a - 3*a + 42 = 0. Let c = 101 - 61. What is the remainder when c is divided by a?
12
Suppose -3*c = -3 - 33. Calculate the remainder when 18 is divided by c.
6
Let u(r) = r**2 - 3*r - 1. Let h = 2 - -8. Calculate the remainder when u(-5) is divided by h.
9
Suppose -3*y = -6*y + 9. Let u(v) = 2*v. Let z be u(y). Let q = -4 + z. Calculate the remainder when q is divided by 2.
0
Calculate the remainder when 10 is divided by (-12)/(-2) + (4 - 7).
1
Suppose -149 = -7*l + 278. Calculate the remainder when l is divided by 31.
30
Suppose -85 = 6*r - 127. Calculate the remainder when 27 is divided by r.
6
Let r = 2 - -14. Calculate the remainder when 1884/30 + (-1)/(-5) is divided by r.
15
Suppose 5*w - 19 = 1. Calculate the remainder when 18 is divided by w.
2
Suppose -v - 60 = v. Let m = -14 - v. Calculate the remainder when 30 is divided by m.
14
Let b(j) = -j**3 - 11*j**2 - 18*j + 3. What is the remainder when 17 is divided by b(-9)?
2
Suppose 2*x - 12 = 3*s - 376, 5*x - 5 = 0. Calculate the remainder when s is divided by 25.
22
Let d be 4/(-10)*(-30)/(-6). Let g(b) be the third derivative of -b**6/40 - b**5/15 - b**4/6 - b**3/2 + b**2. What is the remainder when g(d) is divided by 5?
3
Suppose -19 = -x + 7. Calculate the remainder when 73 is divided by x.
21
Let y(f) = f**3 - 15*f**2 + 3*f + 7. Calculate the remainder when y(15) is divided by 28.
24
Suppose 78 - 3 = 5*z. Calcul